{"id":3785,"date":"2023-04-09T20:13:57","date_gmt":"2023-04-09T20:13:57","guid":{"rendered":"https:\/\/lovinne.es\/?post_type=product&#038;p=3785"},"modified":"2026-02-15T08:59:57","modified_gmt":"2026-02-15T08:59:57","slug":"lampara-colgante-madera-venus-2-0-negra","status":"publish","type":"product","link":"https:\/\/lovinne.es\/index.php\/product\/lampara-colgante-madera-venus-2-0-negra\/","title":{"rendered":"L\u00e1mpara colgante de madera Venus 2.0 Negra"},"content":{"rendered":"<table class=\"tg\">\n<thead>\n<tr>\n<td class=\"tg-5gsb\" style=\"text-align: left;\"><span style=\"color: #808080;\">Caracter\u00edsticas<\/span><\/td>\n<td class=\"tg-c6of\" style=\"text-align: left;\"><span style=\"color: #808080;\">Descripci\u00f3n del producto<\/span><\/td>\n<\/tr>\n<\/thead>\n<tbody>\n<tr>\n<td class=\"tg-5gsb\" style=\"vertical-align: top;\" width=\"400px\"><span class=\"fontstyle0\">Material: DM lacada color negro<br \/>\nAlto: 440mm<br \/>\nDi\u00e1metro mayor: 435mm<br \/>\nDi\u00e1metro menor: 325mm<br \/>\nCable: Textil El\u00e9ctrico Redondo carb\u00f3n en algod\u00f3n de 150 cm de longitud, color negro. Certificaci\u00f3n IMQ-HAR o UL<br \/>\nPortal\u00e1mparas: Portal\u00e1mparas termopl\u00e1stico rosca E27 color negro<br \/>\nFlor\u00f3n: Mini flor\u00f3n met\u00e1lico cil\u00edndrico 1 salida central color negro<br \/>\nFuente de energ\u00eda: Bombilla no incluida<br \/>\nUso: Interior<br \/>\nComo limpiarla: con plumero o pa\u00f1o h\u00famedo.<br \/>\nPa\u00eds de fabricaci\u00f3n: Espa\u00f1a.<\/span><\/td>\n<td class=\"tg-c6of\" style=\"vertical-align: top;\">\n<p data-start=\"793\" data-end=\"1045\">La <strong data-start=\"796\" data-end=\"822\">Venus 2.0 Negra<\/strong> destaca por las curvas de su dise\u00f1o natural a la vez que envolvente y por su est\u00e9tica minimalista. Su estructura de madera DM lacada a una cara aporta calidez y serenidad, perfecta para salones, comedores o espacios abiertos que buscan un toque de dise\u00f1o org\u00e1nico.<\/p>\n<p data-start=\"1101\" data-end=\"1332\">Fabricaci\u00f3n artesanal con madera. <span style=\"font-size: 16px; font-family: inherit;\">Cada pieza est\u00e1 hecha a mano en Espa\u00f1a, utilizando <\/span><strong style=\"font-size: 16px; font-family: inherit;\" data-start=\"1152\" data-end=\"1201\">madera DM proveniente de fuentes responsables<\/strong><span style=\"font-size: 16px; font-family: inherit;\">. Su construcci\u00f3n sin pegamentos, mediante encastres param\u00e9tricos, garantiza durabilidad, est\u00e9tica y respeto por el medio ambiente.<\/span><\/p>\n<p data-start=\"1372\" data-end=\"1582\">Compromiso cierre del ciclo. Dise\u00f1ada para ser parte de una econom\u00eda circular: al final de su vida \u00fatil se puede <strong data-start=\"1456\" data-end=\"1481\">reciclar o reutilizar<\/strong> para fabricar nuevos productos. Un enfoque real hacia la sostenibilidad, no solo una etiqueta verde.<\/p>\n<p data-start=\"1372\" data-end=\"1582\">\u2714 Ambientaci\u00f3n c\u00e1lida y elegante<br data-start=\"1916\" data-end=\"1919\" \/>\u2714 Encaja en tendencias industrial, escandinava o minimal<br data-start=\"1969\" data-end=\"1972\" \/>\u2714 Sin adhesivos<br data-start=\"2006\" data-end=\"2009\" \/>\u2714 Reciclable, respetuosa y con dise\u00f1o inteligente<\/p>\n<p>Es importante mencionar que una vez se considere el fin de su vida \u00fatil se pueden reciclar. De esta manera se crea una estrategia de circulaci\u00f3n del producto: crear con un material sostenible y que a largo plazo se puede reciclar con el fin de crear otro nuevo producto<\/td>\n<\/tr>\n<\/tbody>\n<\/table>\n","protected":false},"excerpt":{"rendered":"<p>L\u00e1mpara colgante, hecha a mano con madera DM lacada a una cara negra.<\/p>\n<p><span style=\"color: #000000;\"><a style=\"color: #000000;\" href=\"#tab-description\"><u>Descripci\u00f3n<\/u><\/a><\/span><\/p>\n","protected":false},"featured_media":3705,"template":"","meta":{"site-sidebar-layout":"default","site-content-layout":"default","ast-main-header-display":"","ast-hfb-above-header-display":"","ast-hfb-below-header-display":"","ast-hfb-mobile-header-display":"","site-post-title":"","ast-breadcrumbs-content":"","ast-featured-img":"","footer-sml-layout":"","theme-transparent-header-meta":"default","adv-header-id-meta":"","stick-header-meta":"","header-above-stick-meta":"","header-main-stick-meta":"","header-below-stick-meta":""},"product_brand":[],"product_cat":[62],"product_tag":[101,98,83,84,82,86],"class_list":{"0":"post-3785","1":"product","2":"type-product","3":"status-publish","4":"has-post-thumbnail","6":"product_cat-lamparas-suspension","7":"product_tag-deco-del-hogar","8":"product_tag-diseno-y-decoracion","9":"product_tag-iluminacion","10":"product_tag-lampara-de-diseno","11":"product_tag-lampara-de-techo","12":"product_tag-lampara-de-techo-en-madera","14":"first","15":"instock","16":"shipping-taxable","17":"purchasable","18":"product-type-simple","19":"add-to-wishlist-before_image"},"yoast_head":"<!-- This site is optimized with the Yoast SEO plugin v25.5 - https:\/\/yoast.com\/wordpress\/plugins\/seo\/ -->\n<title>L\u00e1mpara colgante de madera Venus 2.0 Negra - Lovinne<\/title>\n<meta name=\"description\" content=\"L\u00e1mpara de techo Venus 2.0 en madera DM lacada negra. Dise\u00f1o param\u00e9trico, hecho a mano en Espa\u00f1a y reciclable. Env\u00edos r\u00e1pidos a toda Espa\u00f1a\" \/>\n<meta name=\"robots\" content=\"index, follow, max-snippet:-1, max-image-preview:large, max-video-preview:-1\" \/>\n<link rel=\"canonical\" href=\"https:\/\/lovinne.es\/index.php\/product\/lampara-colgante-madera-venus-2-0-negra\/\" \/>\n<meta property=\"og:locale\" content=\"es_ES\" \/>\n<meta property=\"og:type\" content=\"article\" \/>\n<meta property=\"og:title\" content=\"L\u00e1mpara colgante de madera Venus 2.0 Negra - Lovinne\" \/>\n<meta property=\"og:description\" content=\"L\u00e1mpara de techo Venus 2.0 en madera DM lacada negra. Dise\u00f1o param\u00e9trico, hecho a mano en Espa\u00f1a y reciclable. Env\u00edos r\u00e1pidos a toda Espa\u00f1a\" \/>\n<meta property=\"og:url\" content=\"https:\/\/lovinne.es\/index.php\/product\/lampara-colgante-madera-venus-2-0-negra\/\" \/>\n<meta property=\"og:site_name\" content=\"Lovinne\" \/>\n<meta property=\"article:modified_time\" content=\"2026-02-15T08:59:57+00:00\" \/>\n<meta property=\"og:image\" content=\"https:\/\/lovinne.es\/wp-content\/uploads\/2023\/04\/28022023_Lovinne-230-Editar-1024x1024.png\" \/>\n\t<meta property=\"og:image:width\" content=\"1024\" \/>\n\t<meta property=\"og:image:height\" content=\"1024\" \/>\n\t<meta property=\"og:image:type\" content=\"image\/png\" \/>\n<meta name=\"twitter:card\" content=\"summary_large_image\" \/>\n<meta name=\"twitter:label1\" content=\"Tiempo de lectura\" \/>\n\t<meta name=\"twitter:data1\" content=\"2 minutos\" \/>\n<script type=\"application\/ld+json\" class=\"yoast-schema-graph\">{\"@context\":\"https:\/\/schema.org\",\"@graph\":[{\"@type\":\"WebPage\",\"@id\":\"https:\/\/lovinne.es\/index.php\/product\/lampara-colgante-madera-venus-2-0-negra\/\",\"url\":\"https:\/\/lovinne.es\/index.php\/product\/lampara-colgante-madera-venus-2-0-negra\/\",\"name\":\"L\u00e1mpara colgante de madera Venus 2.0 Negra - Lovinne\",\"isPartOf\":{\"@id\":\"https:\/\/lovinne.es\/#website\"},\"primaryImageOfPage\":{\"@id\":\"https:\/\/lovinne.es\/index.php\/product\/lampara-colgante-madera-venus-2-0-negra\/#primaryimage\"},\"image\":{\"@id\":\"https:\/\/lovinne.es\/index.php\/product\/lampara-colgante-madera-venus-2-0-negra\/#primaryimage\"},\"thumbnailUrl\":\"https:\/\/lovinne.es\/wp-content\/uploads\/2023\/04\/28022023_Lovinne-230-Editar.png\",\"datePublished\":\"2023-04-09T20:13:57+00:00\",\"dateModified\":\"2026-02-15T08:59:57+00:00\",\"description\":\"L\u00e1mpara de techo Venus 2.0 en madera DM lacada negra. Dise\u00f1o param\u00e9trico, hecho a mano en Espa\u00f1a y reciclable. Env\u00edos r\u00e1pidos a toda Espa\u00f1a\",\"breadcrumb\":{\"@id\":\"https:\/\/lovinne.es\/index.php\/product\/lampara-colgante-madera-venus-2-0-negra\/#breadcrumb\"},\"inLanguage\":\"es\",\"potentialAction\":[{\"@type\":\"ReadAction\",\"target\":[\"https:\/\/lovinne.es\/index.php\/product\/lampara-colgante-madera-venus-2-0-negra\/\"]}]},{\"@type\":\"ImageObject\",\"inLanguage\":\"es\",\"@id\":\"https:\/\/lovinne.es\/index.php\/product\/lampara-colgante-madera-venus-2-0-negra\/#primaryimage\",\"url\":\"https:\/\/lovinne.es\/wp-content\/uploads\/2023\/04\/28022023_Lovinne-230-Editar.png\",\"contentUrl\":\"https:\/\/lovinne.es\/wp-content\/uploads\/2023\/04\/28022023_Lovinne-230-Editar.png\",\"width\":2560,\"height\":2559,\"caption\":\"L\u00e1mpara colgante minimalista de madera en color negro\"},{\"@type\":\"BreadcrumbList\",\"@id\":\"https:\/\/lovinne.es\/index.php\/product\/lampara-colgante-madera-venus-2-0-negra\/#breadcrumb\",\"itemListElement\":[{\"@type\":\"ListItem\",\"position\":1,\"name\":\"Portada\",\"item\":\"https:\/\/lovinne.es\/\"},{\"@type\":\"ListItem\",\"position\":2,\"name\":\"Store\",\"item\":\"https:\/\/lovinne.es\/index.php\/store\/\"},{\"@type\":\"ListItem\",\"position\":3,\"name\":\"L\u00e1mpara colgante de madera Venus 2.0 Negra\"}]},{\"@type\":\"WebSite\",\"@id\":\"https:\/\/lovinne.es\/#website\",\"url\":\"https:\/\/lovinne.es\/\",\"name\":\"L\u00f8vinne | L\u00e1mparas de dise\u00f1o\",\"description\":\"L\u00e1mparas de dise\u00f1o\",\"publisher\":{\"@id\":\"https:\/\/lovinne.es\/#\/schema\/person\/89aab74e7ca1f06240e6035161224df0\"},\"potentialAction\":[{\"@type\":\"SearchAction\",\"target\":{\"@type\":\"EntryPoint\",\"urlTemplate\":\"https:\/\/lovinne.es\/?s={search_term_string}\"},\"query-input\":{\"@type\":\"PropertyValueSpecification\",\"valueRequired\":true,\"valueName\":\"search_term_string\"}}],\"inLanguage\":\"es\"},{\"@type\":[\"Person\",\"Organization\"],\"@id\":\"https:\/\/lovinne.es\/#\/schema\/person\/89aab74e7ca1f06240e6035161224df0\",\"name\":\"Nadia Bourlot\",\"image\":{\"@type\":\"ImageObject\",\"inLanguage\":\"es\",\"@id\":\"https:\/\/lovinne.es\/#\/schema\/person\/image\/\",\"url\":\"https:\/\/lovinne.es\/wp-content\/uploads\/2023\/03\/cropped-LOGO.png\",\"contentUrl\":\"https:\/\/lovinne.es\/wp-content\/uploads\/2023\/03\/cropped-LOGO.png\",\"width\":1578,\"height\":314,\"caption\":\"Nadia Bourlot\"},\"logo\":{\"@id\":\"https:\/\/lovinne.es\/#\/schema\/person\/image\/\"}}]}<\/script>\n<!-- \/ Yoast SEO plugin. -->","yoast_head_json":{"title":"L\u00e1mpara colgante de madera Venus 2.0 Negra - Lovinne","description":"L\u00e1mpara de techo Venus 2.0 en madera DM lacada negra. Dise\u00f1o param\u00e9trico, hecho a mano en Espa\u00f1a y reciclable. Env\u00edos r\u00e1pidos a toda Espa\u00f1a","robots":{"index":"index","follow":"follow","max-snippet":"max-snippet:-1","max-image-preview":"max-image-preview:large","max-video-preview":"max-video-preview:-1"},"canonical":"https:\/\/lovinne.es\/index.php\/product\/lampara-colgante-madera-venus-2-0-negra\/","og_locale":"es_ES","og_type":"article","og_title":"L\u00e1mpara colgante de madera Venus 2.0 Negra - Lovinne","og_description":"L\u00e1mpara de techo Venus 2.0 en madera DM lacada negra. Dise\u00f1o param\u00e9trico, hecho a mano en Espa\u00f1a y reciclable. Env\u00edos r\u00e1pidos a toda Espa\u00f1a","og_url":"https:\/\/lovinne.es\/index.php\/product\/lampara-colgante-madera-venus-2-0-negra\/","og_site_name":"Lovinne","article_modified_time":"2026-02-15T08:59:57+00:00","og_image":[{"width":1024,"height":1024,"url":"https:\/\/lovinne.es\/wp-content\/uploads\/2023\/04\/28022023_Lovinne-230-Editar-1024x1024.png","type":"image\/png"}],"twitter_card":"summary_large_image","twitter_misc":{"Tiempo de lectura":"2 minutos"},"schema":{"@context":"https:\/\/schema.org","@graph":[{"@type":"WebPage","@id":"https:\/\/lovinne.es\/index.php\/product\/lampara-colgante-madera-venus-2-0-negra\/","url":"https:\/\/lovinne.es\/index.php\/product\/lampara-colgante-madera-venus-2-0-negra\/","name":"L\u00e1mpara colgante de madera Venus 2.0 Negra - Lovinne","isPartOf":{"@id":"https:\/\/lovinne.es\/#website"},"primaryImageOfPage":{"@id":"https:\/\/lovinne.es\/index.php\/product\/lampara-colgante-madera-venus-2-0-negra\/#primaryimage"},"image":{"@id":"https:\/\/lovinne.es\/index.php\/product\/lampara-colgante-madera-venus-2-0-negra\/#primaryimage"},"thumbnailUrl":"https:\/\/lovinne.es\/wp-content\/uploads\/2023\/04\/28022023_Lovinne-230-Editar.png","datePublished":"2023-04-09T20:13:57+00:00","dateModified":"2026-02-15T08:59:57+00:00","description":"L\u00e1mpara de techo Venus 2.0 en madera DM lacada negra. Dise\u00f1o param\u00e9trico, hecho a mano en Espa\u00f1a y reciclable. Env\u00edos r\u00e1pidos a toda Espa\u00f1a","breadcrumb":{"@id":"https:\/\/lovinne.es\/index.php\/product\/lampara-colgante-madera-venus-2-0-negra\/#breadcrumb"},"inLanguage":"es","potentialAction":[{"@type":"ReadAction","target":["https:\/\/lovinne.es\/index.php\/product\/lampara-colgante-madera-venus-2-0-negra\/"]}]},{"@type":"ImageObject","inLanguage":"es","@id":"https:\/\/lovinne.es\/index.php\/product\/lampara-colgante-madera-venus-2-0-negra\/#primaryimage","url":"https:\/\/lovinne.es\/wp-content\/uploads\/2023\/04\/28022023_Lovinne-230-Editar.png","contentUrl":"https:\/\/lovinne.es\/wp-content\/uploads\/2023\/04\/28022023_Lovinne-230-Editar.png","width":2560,"height":2559,"caption":"L\u00e1mpara colgante minimalista de madera en color negro"},{"@type":"BreadcrumbList","@id":"https:\/\/lovinne.es\/index.php\/product\/lampara-colgante-madera-venus-2-0-negra\/#breadcrumb","itemListElement":[{"@type":"ListItem","position":1,"name":"Portada","item":"https:\/\/lovinne.es\/"},{"@type":"ListItem","position":2,"name":"Store","item":"https:\/\/lovinne.es\/index.php\/store\/"},{"@type":"ListItem","position":3,"name":"L\u00e1mpara colgante de madera Venus 2.0 Negra"}]},{"@type":"WebSite","@id":"https:\/\/lovinne.es\/#website","url":"https:\/\/lovinne.es\/","name":"L\u00f8vinne | L\u00e1mparas de dise\u00f1o","description":"L\u00e1mparas de dise\u00f1o","publisher":{"@id":"https:\/\/lovinne.es\/#\/schema\/person\/89aab74e7ca1f06240e6035161224df0"},"potentialAction":[{"@type":"SearchAction","target":{"@type":"EntryPoint","urlTemplate":"https:\/\/lovinne.es\/?s={search_term_string}"},"query-input":{"@type":"PropertyValueSpecification","valueRequired":true,"valueName":"search_term_string"}}],"inLanguage":"es"},{"@type":["Person","Organization"],"@id":"https:\/\/lovinne.es\/#\/schema\/person\/89aab74e7ca1f06240e6035161224df0","name":"Nadia Bourlot","image":{"@type":"ImageObject","inLanguage":"es","@id":"https:\/\/lovinne.es\/#\/schema\/person\/image\/","url":"https:\/\/lovinne.es\/wp-content\/uploads\/2023\/03\/cropped-LOGO.png","contentUrl":"https:\/\/lovinne.es\/wp-content\/uploads\/2023\/03\/cropped-LOGO.png","width":1578,"height":314,"caption":"Nadia Bourlot"},"logo":{"@id":"https:\/\/lovinne.es\/#\/schema\/person\/image\/"}}]}},"_links":{"self":[{"href":"https:\/\/lovinne.es\/index.php\/wp-json\/wp\/v2\/product\/3785","targetHints":{"allow":["GET"]}}],"collection":[{"href":"https:\/\/lovinne.es\/index.php\/wp-json\/wp\/v2\/product"}],"about":[{"href":"https:\/\/lovinne.es\/index.php\/wp-json\/wp\/v2\/types\/product"}],"version-history":[{"count":23,"href":"https:\/\/lovinne.es\/index.php\/wp-json\/wp\/v2\/product\/3785\/revisions"}],"predecessor-version":[{"id":3805,"href":"https:\/\/lovinne.es\/index.php\/wp-json\/wp\/v2\/product\/3785\/revisions\/3805"}],"wp:featuredmedia":[{"embeddable":true,"href":"https:\/\/lovinne.es\/index.php\/wp-json\/wp\/v2\/media\/3705"}],"wp:attachment":[{"href":"https:\/\/lovinne.es\/index.php\/wp-json\/wp\/v2\/media?parent=3785"}],"wp:term":[{"taxonomy":"product_brand","embeddable":true,"href":"https:\/\/lovinne.es\/index.php\/wp-json\/wp\/v2\/product_brand?post=3785"},{"taxonomy":"product_cat","embeddable":true,"href":"https:\/\/lovinne.es\/index.php\/wp-json\/wp\/v2\/product_cat?post=3785"},{"taxonomy":"product_tag","embeddable":true,"href":"https:\/\/lovinne.es\/index.php\/wp-json\/wp\/v2\/product_tag?post=3785"}],"curies":[{"name":"wp","href":"https:\/\/api.w.org\/{rel}","templated":true}]}}