{"id":4074,"date":"2023-10-08T15:19:46","date_gmt":"2023-10-08T15:19:46","guid":{"rendered":"https:\/\/lovinne.es\/?post_type=product&#038;p=4074"},"modified":"2026-03-10T10:09:00","modified_gmt":"2026-03-10T10:09:00","slug":"lampara-de-mesa-en-impresion-3d","status":"publish","type":"product","link":"https:\/\/lovinne.es\/index.php\/product\/lampara-de-mesa-en-impresion-3d\/","title":{"rendered":"L\u00e1mpara de mesa Bora"},"content":{"rendered":"<table class=\"tg\">\n<thead>\n<tr>\n<td class=\"tg-5gsb\" style=\"text-align: left;\"><span style=\"color: #808080;\">Caracter\u00edsticas<\/span><\/td>\n<td class=\"tg-c6of\" style=\"text-align: left;\"><span style=\"color: #808080;\">Descripci\u00f3n del producto<\/span><\/td>\n<\/tr>\n<\/thead>\n<tbody>\n<tr>\n<td class=\"tg-5gsb\" style=\"vertical-align: top;\" width=\"400px\"><span class=\"fontstyle0\">Material: rPLA biopol\u00edmero derivado biol\u00f3gico de residuos de envases de alimentos reciclados, de acabado mate.<br \/>\nAlto: 190mm<br \/>\nDi\u00e1metro mayor: 150mm<br \/>\nCable: Textil El\u00e9ctrico Redondo en algod\u00f3n de 120 cm de longitud, color beige\/blanco. Certificaci\u00f3n IMQ-HAR o UL<br \/>\nPortal\u00e1mparas: Portal\u00e1mparas termopl\u00e1stico rosca E14 color blanco<br \/>\nInterruptor: interruptor de paso bipolar color blanco<br \/>\nFuente de energ\u00eda: Bombilla no incluida<\/span><br \/>\nUso: interior\/exterior<br \/>\nCuidado del producto: Limpiar y lavar con agua fr\u00eda y jab\u00f3n suave. No apto para lavavajillas. No exponer a la luz solar directa<br \/>\nPa\u00eds de fabricaci\u00f3n: Espa\u00f1a.<\/td>\n<td class=\"tg-c6of\" style=\"vertical-align: top;\">L\u00e1mpara de mesa hecha en impresi\u00f3n 3D con\u00a0 rPLA color blanco mate.<\/p>\n<p>Del l\u00edneas curvas y textura acanalada, Bora y su dise\u00f1o minimalista es una excelente opci\u00f3n como l\u00e1mpara de mesa;<span style=\"font-family: inherit;\"> hecha a partir de filamentos de PLA 100% reciclado y biocompostable. En la impresi\u00f3n 3d durante el proceso de fabricaci\u00f3n se producen residuos de materiales; gracias a la reutilizaci\u00f3n de dichos residuos se puede convertir otra variante de filamento 100% biocompostable, sin perder calidad y con una opci\u00f3n m\u00e1s ecol\u00f3gica. Una vez terminada la vida \u00fatil de la l\u00e1mpara, se puede utilizar una m\u00e1quina de extrusi\u00f3n de pl\u00e1stico para triturar los <\/span>pol\u00edmeros<span style=\"font-family: inherit;\"> y elaborar nuevamente otro filamento.<\/span><\/p>\n<p>Tenga en cuenta que cualquiera pieza puede tener peque\u00f1as irregularidades en las superficies\/patrones, derivado de la naturaleza de la impresi\u00f3n 3D. No son defectos, es una parte normal del proceso de fabricaci\u00f3n. Cada pieza esta inspeccionada al 100% antes de enviarla.<\/p>\n<p>&nbsp;<\/p>\n<p>&nbsp;<\/td>\n<\/tr>\n<\/tbody>\n<\/table>\n","protected":false},"excerpt":{"rendered":"<p>L\u00e1mpara de mesa impresa en 3d con rPLA<\/p>\n<p><span style=\"color: #000000;\"><a style=\"color: #000000;\" href=\"#tab-description\"><u>Descripci\u00f3n<\/u><\/a><\/span><\/p>\n","protected":false},"featured_media":5070,"template":"","meta":{"site-sidebar-layout":"default","site-content-layout":"default","ast-main-header-display":"","ast-hfb-above-header-display":"","ast-hfb-below-header-display":"","ast-hfb-mobile-header-display":"","site-post-title":"","ast-breadcrumbs-content":"","ast-featured-img":"","footer-sml-layout":"","theme-transparent-header-meta":"default","adv-header-id-meta":"","stick-header-meta":"","header-above-stick-meta":"","header-main-stick-meta":"","header-below-stick-meta":""},"product_brand":[],"product_cat":[58],"product_tag":[83,92,84,91,105],"class_list":{"0":"post-4074","1":"product","2":"type-product","3":"status-publish","4":"has-post-thumbnail","6":"product_cat-lamparas-mesa","7":"product_tag-iluminacion","8":"product_tag-impresion-3d","9":"product_tag-lampara-de-diseno","10":"product_tag-lampara-de-impresion-3d","11":"product_tag-lamparas-de-mesa","13":"first","14":"outofstock","15":"shipping-taxable","16":"purchasable","17":"product-type-simple","18":"add-to-wishlist-before_image"},"yoast_head":"<!-- This site is optimized with the Yoast SEO plugin v25.5 - https:\/\/yoast.com\/wordpress\/plugins\/seo\/ -->\n<title>L\u00e1mpara de mesa Bora<\/title>\n<meta name=\"description\" content=\"Descubre nuestra l\u00e1mpara de mesa impresa en 3D, una pieza \u00fanica de dise\u00f1o moderna y sustentable. L\u00e1mpara de mesa Bora - Lovinne\" \/>\n<meta name=\"robots\" content=\"index, follow, max-snippet:-1, max-image-preview:large, max-video-preview:-1\" \/>\n<link rel=\"canonical\" href=\"https:\/\/lovinne.es\/index.php\/product\/lampara-de-mesa-en-impresion-3d\/\" \/>\n<meta property=\"og:locale\" content=\"es_ES\" \/>\n<meta property=\"og:type\" content=\"article\" \/>\n<meta property=\"og:title\" content=\"L\u00e1mpara de mesa Bora\" \/>\n<meta property=\"og:description\" content=\"Descubre nuestra l\u00e1mpara de mesa impresa en 3D, una pieza \u00fanica de dise\u00f1o moderna y sustentable. L\u00e1mpara de mesa Bora - Lovinne\" \/>\n<meta property=\"og:url\" content=\"https:\/\/lovinne.es\/index.php\/product\/lampara-de-mesa-en-impresion-3d\/\" \/>\n<meta property=\"og:site_name\" content=\"Lovinne\" \/>\n<meta property=\"article:modified_time\" content=\"2026-03-10T10:09:00+00:00\" \/>\n<meta property=\"og:image\" content=\"https:\/\/lovinne.es\/wp-content\/uploads\/2023\/10\/IMG_2533.png\" \/>\n\t<meta property=\"og:image:width\" content=\"1024\" \/>\n\t<meta property=\"og:image:height\" content=\"1536\" \/>\n\t<meta property=\"og:image:type\" content=\"image\/png\" \/>\n<meta name=\"twitter:card\" content=\"summary_large_image\" \/>\n<meta name=\"twitter:label1\" content=\"Tiempo de lectura\" \/>\n\t<meta name=\"twitter:data1\" content=\"2 minutos\" \/>\n<script type=\"application\/ld+json\" class=\"yoast-schema-graph\">{\"@context\":\"https:\/\/schema.org\",\"@graph\":[{\"@type\":\"WebPage\",\"@id\":\"https:\/\/lovinne.es\/index.php\/product\/lampara-de-mesa-en-impresion-3d\/\",\"url\":\"https:\/\/lovinne.es\/index.php\/product\/lampara-de-mesa-en-impresion-3d\/\",\"name\":\"L\u00e1mpara de mesa Bora\",\"isPartOf\":{\"@id\":\"https:\/\/lovinne.es\/#website\"},\"primaryImageOfPage\":{\"@id\":\"https:\/\/lovinne.es\/index.php\/product\/lampara-de-mesa-en-impresion-3d\/#primaryimage\"},\"image\":{\"@id\":\"https:\/\/lovinne.es\/index.php\/product\/lampara-de-mesa-en-impresion-3d\/#primaryimage\"},\"thumbnailUrl\":\"https:\/\/lovinne.es\/wp-content\/uploads\/2023\/10\/IMG_2533.png\",\"datePublished\":\"2023-10-08T15:19:46+00:00\",\"dateModified\":\"2026-03-10T10:09:00+00:00\",\"description\":\"Descubre nuestra l\u00e1mpara de mesa impresa en 3D, una pieza \u00fanica de dise\u00f1o moderna y sustentable. L\u00e1mpara de mesa Bora - Lovinne\",\"breadcrumb\":{\"@id\":\"https:\/\/lovinne.es\/index.php\/product\/lampara-de-mesa-en-impresion-3d\/#breadcrumb\"},\"inLanguage\":\"es\",\"potentialAction\":[{\"@type\":\"ReadAction\",\"target\":[\"https:\/\/lovinne.es\/index.php\/product\/lampara-de-mesa-en-impresion-3d\/\"]}]},{\"@type\":\"ImageObject\",\"inLanguage\":\"es\",\"@id\":\"https:\/\/lovinne.es\/index.php\/product\/lampara-de-mesa-en-impresion-3d\/#primaryimage\",\"url\":\"https:\/\/lovinne.es\/wp-content\/uploads\/2023\/10\/IMG_2533.png\",\"contentUrl\":\"https:\/\/lovinne.es\/wp-content\/uploads\/2023\/10\/IMG_2533.png\",\"width\":1024,\"height\":1536,\"caption\":\"BORA_pla\"},{\"@type\":\"BreadcrumbList\",\"@id\":\"https:\/\/lovinne.es\/index.php\/product\/lampara-de-mesa-en-impresion-3d\/#breadcrumb\",\"itemListElement\":[{\"@type\":\"ListItem\",\"position\":1,\"name\":\"Portada\",\"item\":\"https:\/\/lovinne.es\/\"},{\"@type\":\"ListItem\",\"position\":2,\"name\":\"Store\",\"item\":\"https:\/\/lovinne.es\/index.php\/store\/\"},{\"@type\":\"ListItem\",\"position\":3,\"name\":\"L\u00e1mpara de mesa Bora\"}]},{\"@type\":\"WebSite\",\"@id\":\"https:\/\/lovinne.es\/#website\",\"url\":\"https:\/\/lovinne.es\/\",\"name\":\"L\u00f8vinne | L\u00e1mparas de dise\u00f1o\",\"description\":\"L\u00e1mparas de dise\u00f1o\",\"publisher\":{\"@id\":\"https:\/\/lovinne.es\/#\/schema\/person\/89aab74e7ca1f06240e6035161224df0\"},\"potentialAction\":[{\"@type\":\"SearchAction\",\"target\":{\"@type\":\"EntryPoint\",\"urlTemplate\":\"https:\/\/lovinne.es\/?s={search_term_string}\"},\"query-input\":{\"@type\":\"PropertyValueSpecification\",\"valueRequired\":true,\"valueName\":\"search_term_string\"}}],\"inLanguage\":\"es\"},{\"@type\":[\"Person\",\"Organization\"],\"@id\":\"https:\/\/lovinne.es\/#\/schema\/person\/89aab74e7ca1f06240e6035161224df0\",\"name\":\"Nadia Bourlot\",\"image\":{\"@type\":\"ImageObject\",\"inLanguage\":\"es\",\"@id\":\"https:\/\/lovinne.es\/#\/schema\/person\/image\/\",\"url\":\"https:\/\/lovinne.es\/wp-content\/uploads\/2023\/03\/cropped-LOGO.png\",\"contentUrl\":\"https:\/\/lovinne.es\/wp-content\/uploads\/2023\/03\/cropped-LOGO.png\",\"width\":1578,\"height\":314,\"caption\":\"Nadia Bourlot\"},\"logo\":{\"@id\":\"https:\/\/lovinne.es\/#\/schema\/person\/image\/\"}}]}<\/script>\n<!-- \/ Yoast SEO plugin. -->","yoast_head_json":{"title":"L\u00e1mpara de mesa Bora","description":"Descubre nuestra l\u00e1mpara de mesa impresa en 3D, una pieza \u00fanica de dise\u00f1o moderna y sustentable. L\u00e1mpara de mesa Bora - Lovinne","robots":{"index":"index","follow":"follow","max-snippet":"max-snippet:-1","max-image-preview":"max-image-preview:large","max-video-preview":"max-video-preview:-1"},"canonical":"https:\/\/lovinne.es\/index.php\/product\/lampara-de-mesa-en-impresion-3d\/","og_locale":"es_ES","og_type":"article","og_title":"L\u00e1mpara de mesa Bora","og_description":"Descubre nuestra l\u00e1mpara de mesa impresa en 3D, una pieza \u00fanica de dise\u00f1o moderna y sustentable. L\u00e1mpara de mesa Bora - Lovinne","og_url":"https:\/\/lovinne.es\/index.php\/product\/lampara-de-mesa-en-impresion-3d\/","og_site_name":"Lovinne","article_modified_time":"2026-03-10T10:09:00+00:00","og_image":[{"width":1024,"height":1536,"url":"https:\/\/lovinne.es\/wp-content\/uploads\/2023\/10\/IMG_2533.png","type":"image\/png"}],"twitter_card":"summary_large_image","twitter_misc":{"Tiempo de lectura":"2 minutos"},"schema":{"@context":"https:\/\/schema.org","@graph":[{"@type":"WebPage","@id":"https:\/\/lovinne.es\/index.php\/product\/lampara-de-mesa-en-impresion-3d\/","url":"https:\/\/lovinne.es\/index.php\/product\/lampara-de-mesa-en-impresion-3d\/","name":"L\u00e1mpara de mesa Bora","isPartOf":{"@id":"https:\/\/lovinne.es\/#website"},"primaryImageOfPage":{"@id":"https:\/\/lovinne.es\/index.php\/product\/lampara-de-mesa-en-impresion-3d\/#primaryimage"},"image":{"@id":"https:\/\/lovinne.es\/index.php\/product\/lampara-de-mesa-en-impresion-3d\/#primaryimage"},"thumbnailUrl":"https:\/\/lovinne.es\/wp-content\/uploads\/2023\/10\/IMG_2533.png","datePublished":"2023-10-08T15:19:46+00:00","dateModified":"2026-03-10T10:09:00+00:00","description":"Descubre nuestra l\u00e1mpara de mesa impresa en 3D, una pieza \u00fanica de dise\u00f1o moderna y sustentable. L\u00e1mpara de mesa Bora - Lovinne","breadcrumb":{"@id":"https:\/\/lovinne.es\/index.php\/product\/lampara-de-mesa-en-impresion-3d\/#breadcrumb"},"inLanguage":"es","potentialAction":[{"@type":"ReadAction","target":["https:\/\/lovinne.es\/index.php\/product\/lampara-de-mesa-en-impresion-3d\/"]}]},{"@type":"ImageObject","inLanguage":"es","@id":"https:\/\/lovinne.es\/index.php\/product\/lampara-de-mesa-en-impresion-3d\/#primaryimage","url":"https:\/\/lovinne.es\/wp-content\/uploads\/2023\/10\/IMG_2533.png","contentUrl":"https:\/\/lovinne.es\/wp-content\/uploads\/2023\/10\/IMG_2533.png","width":1024,"height":1536,"caption":"BORA_pla"},{"@type":"BreadcrumbList","@id":"https:\/\/lovinne.es\/index.php\/product\/lampara-de-mesa-en-impresion-3d\/#breadcrumb","itemListElement":[{"@type":"ListItem","position":1,"name":"Portada","item":"https:\/\/lovinne.es\/"},{"@type":"ListItem","position":2,"name":"Store","item":"https:\/\/lovinne.es\/index.php\/store\/"},{"@type":"ListItem","position":3,"name":"L\u00e1mpara de mesa Bora"}]},{"@type":"WebSite","@id":"https:\/\/lovinne.es\/#website","url":"https:\/\/lovinne.es\/","name":"L\u00f8vinne | L\u00e1mparas de dise\u00f1o","description":"L\u00e1mparas de dise\u00f1o","publisher":{"@id":"https:\/\/lovinne.es\/#\/schema\/person\/89aab74e7ca1f06240e6035161224df0"},"potentialAction":[{"@type":"SearchAction","target":{"@type":"EntryPoint","urlTemplate":"https:\/\/lovinne.es\/?s={search_term_string}"},"query-input":{"@type":"PropertyValueSpecification","valueRequired":true,"valueName":"search_term_string"}}],"inLanguage":"es"},{"@type":["Person","Organization"],"@id":"https:\/\/lovinne.es\/#\/schema\/person\/89aab74e7ca1f06240e6035161224df0","name":"Nadia Bourlot","image":{"@type":"ImageObject","inLanguage":"es","@id":"https:\/\/lovinne.es\/#\/schema\/person\/image\/","url":"https:\/\/lovinne.es\/wp-content\/uploads\/2023\/03\/cropped-LOGO.png","contentUrl":"https:\/\/lovinne.es\/wp-content\/uploads\/2023\/03\/cropped-LOGO.png","width":1578,"height":314,"caption":"Nadia Bourlot"},"logo":{"@id":"https:\/\/lovinne.es\/#\/schema\/person\/image\/"}}]}},"_links":{"self":[{"href":"https:\/\/lovinne.es\/index.php\/wp-json\/wp\/v2\/product\/4074","targetHints":{"allow":["GET"]}}],"collection":[{"href":"https:\/\/lovinne.es\/index.php\/wp-json\/wp\/v2\/product"}],"about":[{"href":"https:\/\/lovinne.es\/index.php\/wp-json\/wp\/v2\/types\/product"}],"version-history":[{"count":15,"href":"https:\/\/lovinne.es\/index.php\/wp-json\/wp\/v2\/product\/4074\/revisions"}],"predecessor-version":[{"id":5286,"href":"https:\/\/lovinne.es\/index.php\/wp-json\/wp\/v2\/product\/4074\/revisions\/5286"}],"wp:featuredmedia":[{"embeddable":true,"href":"https:\/\/lovinne.es\/index.php\/wp-json\/wp\/v2\/media\/5070"}],"wp:attachment":[{"href":"https:\/\/lovinne.es\/index.php\/wp-json\/wp\/v2\/media?parent=4074"}],"wp:term":[{"taxonomy":"product_brand","embeddable":true,"href":"https:\/\/lovinne.es\/index.php\/wp-json\/wp\/v2\/product_brand?post=4074"},{"taxonomy":"product_cat","embeddable":true,"href":"https:\/\/lovinne.es\/index.php\/wp-json\/wp\/v2\/product_cat?post=4074"},{"taxonomy":"product_tag","embeddable":true,"href":"https:\/\/lovinne.es\/index.php\/wp-json\/wp\/v2\/product_tag?post=4074"}],"curies":[{"name":"wp","href":"https:\/\/api.w.org\/{rel}","templated":true}]}}